 d206dd (base 15) in base 8?
46031633
Convert -100100011110100111111 (base 2) to base 12.
-4978a7
-1008512 (base 10) to base 8
-3661600
What is -2000122 (base 5) in base 12?
-16133
What is 11001011110111011001 (base 2) in base 3?
1120102110011
41400123 (base 5) to base 4
1103022313
-16375187 (base 9) to base 6
-451415554
Convert -470a952 (base 11) to base 16.
-7d8cd9
What is 155631 (base 9) in base 16?
1770d
Convert -55de (base 16) to base 5.
-1200412
What is -198a0a7 (base 12) in base 10?
-5408767
Convert -2c183 (base 14) to base 9.
-176881
Convert -7b18c (base 14) to base 9.
-505644
Convert -35dd64 (base 16) to base 14.
-67c68c
What is -333321133220 (base 4) in base 14?
-2320612
What is 21830 (base 12) in base 8?
126544
796c2 (base 16) to base 2
1111001011011000010
113111404 (base 5) to base 11
325428
What is 200110310 (base 4) in base 7?
1061006
Convert 2ab1e (base 16) to base 6.
3425342
-3344515 (base 9) to base 10
-1801049
What is -1040167 (base 10) in base 2?
-11111101111100100111
-15f09 (base 16) to base 7
-522666
What is -536555 (base 7) in base 16?
-16d8d
Convert 33b641 (base 12) to base 7.
10020550
-817b23 (base 14) to base 16
-4290a3
Convert -10313134 (base 5) to base 10.
-88544
Convert -da75c0 (base 14) to base 6.
-422305444
Convert 144503 (base 6) to base 9.
21183
Convert 120011020211 (base 3) to base 7.
2351545
-53405050 (base 6) to base 14
-2ccb9c
11e02e (base 15) to base 7
10200254
12e8c (base 15) to base 4
32303301
What is 1483520 (base 9) in base 7?
6664434
What is 1b336 (base 14) in base 6?
1252312
-120467 (base 10) to base 6
-2325415
Convert -80572 (base 9) to base 12.
-26792
What is 202303230 (base 4) in base 11?
98131
What is -39d15 (base 14) in base 3?
-21020111012
What is 451653 (base 7) in base 16?
13824
What is -2b94cf (base 16) in base 5?
-1212344033
-1465216 (base 7) to base 14
-5340d
What is 3622726 (base 9) in base 15?
28bce3
-49e8e (base 16) to base 14
-7c47c
What is 6310435 (base 7) in base 8?
2712232
Convert -3333113311 (base 4) to base 15.
-159dda
226343 (base 10) to base 9
374432
9bd7e (base 15) to base 3
221012002202
Convert 260603 (base 11) to base 16.
64435
Convert 35870b (base 13) to base 11.
7a12a4
What is -30156044 (base 7) in base 14?
-4918cb
Convert -87039 (base 10) to base 5.
-10241124
Convert -234713 (base 13) to base 8.
-3145160
Convert 2734e (base 16) to base 15.
328b0
What is 4744330 (base 9) in base 13?
6bc15a
Convert -38c9b (base 15) to base 11.
-114591
Convert c9820 (base 14) to base 8.
1667564
Convert -113940 (base 14) to base 2.
-10001111001000110100
Convert -4122040312 (base 5) to base 3.
-120210102022112
10132244 (base 5) to base 14
225a9
Convert 1510189 (base 10) to base 16.
170b2d
Convert 905d2 (base 14) to base 12.
148910
What is -41424 (base 13) in base 9?
-187623
Convert -477a1 (base 16) to base 10.
-292769
-9c796 (base 15) to base 3
-221021220120
-12112001122 (base 3) to base 16
-1a879
Convert 13137 (base 14) to base 15.
dd63
Convert 14073751 (base 9) to base 6.
405042244
Convert 66b7ad (base 14) to base 13.
9521b1
1323550 (base 6) to base 11
50199
-28d117 (base 16) to base 10
-2674967
-4207144 (base 8) to base 9
-2083285
What is -56a22b (base 12) in base 15?
-1c5abe
-6fde57 (base 16) to base 13
-1699020
Convert -55334251 (base 6) to base 3.
-10010101122211
Convert -1578465 (base 12) to base 15.
-5baa18
What is -30144032 (base 5) in base 12?
-b7231
Convert -3ca8a (base 13) to base 12.
-55a77
50415502 (base 7) to base 3
21212211122111
-3502 (base 16) to base 2
-11010100000010
What is 553503 (base 7) in base 14?
27673
What is 65a6a (base 11) in base 12?
47523
-221233113 (base 4) to base 9
-280463
Convert -96bc95 (base 16) to base 14.
-145215b
What is 3221010120 (base 4) in base 3?
1210111112100
Convert 1000110010011000011010 (base 2) to base 10.
2303514
12635043 (base 7) to base 13
31bbca
3211031323 (base 4) to base 7
10660150
What is 149b28 (base 12) in base 5?
42131234
What is -4a3334 (base 14) in base 4?
-21231023002
Convert 30034 (base 6) to base 16.
f46
Convert -48c92 (base 15) to base 5.
-24413322
Convert -25601523 (base 8) to base 7.
-66320213
What is -961b5 (base 16) in base 10?
-614837
2683d5 (base 15) to base 12
75299b
-10001011110010111 (base 2) to base 10
-71575
What is 1111100100000100110 (base 2) in base 6?
14533022
What is -25398a (base 13) in base 10?
-893617
What is 202010002001 (base 3) in base 6?
12252514
Convert -2507162 (base 10) to base 13.
-69a238
What is -12320131301 (base 4) in base 13?
-4b2255
16e26 (base 15) to base 14
1cdc1
Convert 78030 (base 9) to base 5.
3124121
-118507 (base 11) to base 4
-231221020
What is -2bb303 (base 12) in base 5?
-142321303
What is 3102231010 (base 4) in base 6?
30255324
Convert c12b0 (base 15) to base 14.
11cbbc
What is -706908 (base 12) in base 10?
-1753496
Convert -106443 (base 7) to base 4.
-10222110
-30010031 (base 4) to base 12
-24725
-110102211202001 (base 3) to base 9
-13384661
What is 410230140 (base 5) in base 3?
10002202201111
What is 11344132 (base 5) in base 2?
11001111010110111
Convert 33435251 (base 6) to base 7.
11430646
2464021 (base 7) to base 11
1a8181
What is 71946 (base 15) in base 10?
359841
What is -1011111100100000010011 (base 2) in base 10?
-3131411
100101010000000101011 (base 2) to base 9
2260368
What is 7a8a5 (base 16) in base 6?
14431421
18aeb (base 16) to base 5
11213344
21313313321 (base 4) to base 13
6c8069
What is 1445555 (base 7) in base 2?
101111111110000001
-1112001102122 (base 3) to base 5
-201324141
What is -1111001011111011010 (base 2) in base 13?
-14566c
What is 1310116 (base 7) in base 12?
82831
Convert -24063127 (base 8) to base 5.
-2322102304
-2164606 (base 13) to base 4
-212323232011
Convert 23233452 (base 7) to base 10.
2042112
What is -5aa6a8 (base 14) in base 2?
-1011110101010101011100
What is 111100111110001 (base 2) in base 15?
93b2
Convert -15656219 (base 10) to base 8.
-73562433
-12063351 (base 8) to base 3
-11222112002010
What is -321761 (base 11) in base 5?
-112432210
Convert 4bd1f (base 16) to base 3.
120210000012
Convert 11440462 (base 7) to base 12.
411334
What is -17021 (base 14) in base 12?
-29445
What is -4124415 (base 6) in base 10?
-198011
47209 (base 13) to base 16
1fbb2
-529459 (base 10) to base 9
-886247
Convert -10101001011011111 (base 2) to base 10.
-86751
1506153 (base 8) to base 2
1101000110001101011
Convert 34d00 (base 16) to base 2.
110100110100000000
What is -110386 (base 12) in base 11?
-174a28
Convert -9730000 (base 10) to base 5.
-4442330000
What is -53a2a (base 11) in base 12?
-39488
What is 3a868a (base 14) in base 2?
111101101011000010010
What is 111000010001000010 (base 2) in base 9?
381123
Convert -2221020012001 (base 3) to base 14.
-2c8467
Convert 120422 (base 7) to base 16.
553d
-b390bb (base 13) to base 15
-57b673
Convert 1010202012211022 (base 3) to base 12.
5580815
Convert -1e39cc (base 16) to base 8.
-7434714
-1c76d (base 15) to base 14
-25b6b
Convert -201001212221 (base 3) to base 11.
-23700a
What is abbc05 (base 13) in base 5?
2014201201
What is 3134014 (base 5) in base 16?
cca0
140300001 (base 5) to base 2
10101101111100110101
-24355364 (base 8) to base 10
-5364468
What is 11101011001011010011 (base 2) in base 9?
1727334
What is 5c166 (base 14) in base 9?
373036
-b406c1 (base 15) to base 8
-40511144
10010110111100111111 (base 2) to base 3
1011102011010
1113131311 (base 5) to base 8
11337744
314024 (base 5) to base 2
10100100010010
Convert -1509b4a (base 12) to base 10.
-4247338
What is 25321400 (base 6) in base 16?
c80e8
What is -1212110200220 (base 3) in base 11?
-6193a9
What is -3ed0e (base 15) in base 12?
-98b28
Convert 717772 (base 11) to base 7.
12536206
What is 103203021 (base 4) in base 8?
234311
Convert 19545 (base 16) to base 7.
611322
Convert 122343043 (base 5) to base 3.
1002222212121
Convert -221222212012 (base 3) to base 7.
-4230464
What is 4675676 (base 9) in base 13?
6a7868
Convert 118918 (base 12) to base 16.
45824
What is 85150 (base 15) in base 11?
269206
What is -1110002201021 (base 3) in base 10?
-769615
-251256 (base 10) to base 12
-1014a0
Convert -3c146 (base 13) to base 16.
-1b692
-62344604 (base 7) to base 5
-2320111001
160700 (base 10) to base 4
213032330
Convert -50415 (base 12) to base 5.
-11314043
What is -631104 